uppose 3*z = 2 + 4. Suppose -4 = 4*c, -5*b - 5*c = z - 7. Calculate the remainder when 6 is divided by b.
0
Suppose 58 = -5*z + 303. Let t(y) = -y**2 + 8*y - 2. Calculate the remainder when z is divided by t(5).
10
Calculate the remainder when (-2)/12 - 1972/(-24) is divided by 17.
14
Let g = 4 - -24. What is the remainder when 78 is divided by g?
22
Let l(z) = z**2 + 10*z + 3. Let k be l(-10). Let o(q) = 15*q - 4. Calculate the remainder when o(k) is divided by 11.
8
Suppose 0 = -i - 4*r - 1, -3*i = -4*r - 0*r - 13. Suppose -i = -g + 4. Let w = -9 + 28. What is the remainder when w is divided by g?
5
Let p(w) be the first derivative of 2*w**3/3 - 3*w**2 + 2*w + 2. Let f(c) be the first derivative of p(c). What is the remainder when f(4) is divided by 4?
2
Suppose 22 = 4*v - 14. Calculate the remainder when v is divided by 6.
3
Suppose 180 = -10*h + 15*h. Suppose 290 = 4*s + 2*o, -2*s + 3*o = -92 - 41. What is the remainder when s is divided by h?
35
Suppose 4*y + y - 50 = -4*x, 2*x = y + 18. Let u = 6 + 3. Suppose -m = -2*n + x + u, 3*m = -4*n + 43. What is the remainder when 29 is divided by n?
9
Let b(k) = 5*k - 16. Suppose 3*p = -31 + 109. What is the remainder when p is divided by b(5)?
8
Suppose 0 = d - 27 + 5. What is the remainder when d is divided by 4/(-14) - 290/(-35)?
6
Let b(h) = 2*h**2 - 2. Suppose -5*l + 3 = 13. What is the remainder when 15 is divided by b(l)?
3
Let n(s) = 20*s**2 - 4*s + 2. Calculate the remainder when n(2) is divided by 19.
17
Let q = 4 - -1. Calculate the remainder when 12 is divided by q.
2
Let z = -7 + 29. Calculate the remainder when 86 is divided by z.
20
Calculate the remainder when (920/100)/(2/10) is divided by 24.
22
Suppose 3*k + o = -0*o + 41, o = -k + 17. Let w(y) = -y**2 + 6*y. Calculate the remainder when k is divided by w(5).
2
Suppose 37 = -m + 2. Let q = -15 - m. Calculate the remainder when 38 is divided by q.
18
Let s(u) = -3*u - 4. Let r = 117 + -62. Calculate the remainder when r is divided by s(-11).
26
Suppose -63 = -3*l - 4*l. What is the remainder when 17 is divided by l?
8
Let i(f) = 67*f**2 - 3*f + 3. Let o be i(2). Let z be ((-6)/(-1) - 2) + -2. Suppose -z*g + o = 3*g. Calculate the remainder when g is divided by 18.
17
Let z = 5 - 3. What is the remainder when 3 - 0/(-4 + z) is divided by 1*(0 - 4/(-2))?
1
Suppose 4*w = -4*g, -2*g - 4 = 2*w + g. Calculate the remainder when 21 is divided by w.
1
Let k(s) = 2*s**2 + 2*s. Let m be k(-2). Suppose 4*n = 4*g - 35 - 33, -5*g + m*n + 81 = 0. What is the remainder when 36 is divided by g?
10
Suppose 0 = 2*y + y + 2*m - 11, -5*y + 33 = -4*m. Suppose -s = y*h + 14, 0 = -s + h + h. Calculate the remainder when 21 is divided by 136/16 + 2/s.
5
Suppose -5*o - 3 = 2*p - 2, -4*p = 2*o - 6. Suppose p*v = 7*v - 125. Let g = v - 15. Calculate the remainder when 38 is divided by g.
8
Let g(s) = s**2 - 7*s - 13. Let c be g(9). Suppose 3*w - 3*a + 7*a - 44 = 0, -2 = -w + c*a. Calculate the remainder when 34 is divided by w.
10
Suppose 0 = -4*z + 1 - 69. Let s = 0 - z. What is the remainder when s is divided by 5?
2
Suppose -2*o = 3*o - 80. Calculate the remainder when 30 is divided by o.
14
Suppose 5*v = 2*y + v - 40, 2*y = 2*v + 42. Suppose -f + y = -1. Let s(n) = n**2 + 4*n. Calculate the remainder when f is divided by s(-6).
11
Suppose -56 = 2*x - 4*x. Calculate the remainder when 73 is divided by x.
17
Let b = -15 - -43. Let u(x) = -x**2 + 15. What is the remainder when b is divided by u(0)?
13
Suppose 3*b = 3*t + 30, b + 4 - 18 = 5*t. Calculate the remainder when b is divided by 2 + -2 + 6/2.
0
Suppose -1 = -v + 1. Suppose 2*s = -t + 25, 4*t + 68 = v*s + 2*s. Calculate the remainder when 4*(82/8 + 0) is divided by s.
13
Let j(x) = -x**3 - 4*x**2 - 4*x + 3. What is the remainder when j(-5) is divided by 17?
14
What is the remainder when 1*92/(-6)*3/(-2) is divided by 6?
5
Suppose 0 = 3*d + p - 19 - 9, 5*d - 2*p = 65. What is the remainder when 43 is divided by d?
10
Let a(r) be the first derivative of -9*r**2/2 + 5*r - 1. Calculate the remainder when a(-4) is divided by 14.
13
Suppose 3*f - a - 70 = 0, -a = -6*a - 5. Let v = 11 - -4. Calculate the remainder when f is divided by 36/v*(5 + 0).
11
Let x(s) = -s**3 - 4*s**2 - 5*s - 4. Let f be x(-4). Let l = f + -3. Calculate the remainder when l is divided by 8.
5
Let t(v) = -5*v - 11. Calculate the remainder when 21 is divided by t(-4).
3
Let j(d) = 20*d**3 - 5*d**2 - 3*d + 1. Let b(k) = -7*k**3 + 2*k**2 + k. Let w(p) = -17*b(p) - 6*j(p). Calculate the remainder when 25 is divided by w(-5).
11
Suppose 0 = -3*d - 2*d + 85. Suppose -16 - 8 = -4*y. Calculate the remainder when d is divided by y.
5
Calculate the remainder when (-135)/(-3) - 4/(-1) is divided by 25.
24
Calculate the remainder when 80 is divided by 1*(0 + -2) - -30.
24
Let t = 16 - 9. Suppose 0 = 5*p - 0*p - 135. What is the remainder when p is divided by t?
6
Suppose -6*p = -4*p - 16. What is the remainder when 16 is divided by p?
0
Calculate the remainder when (-492)/(-4) + (2 - 6) is divided by 30.
29
Let t = 0 - 1. Let o = 2 - t. Suppose 0*j - 2 = -2*j - 5*f, -o*j - 5*f + 8 = 0. Calculate the remainder when 11 is divided by j.
5
Suppose 0*j - 12 = -2*j. What is the remainder when 14 is divided by j?
2
Let k(g) = -52*g**3 + 1. Let w(u) = 1 + 1 - 5 - u - 4. Let s be w(-6). Calculate the remainder when k(s) is divided by 18.
17
What is the remainder when 21 + 2/(1 - 0) is divided by 9?
5
Suppose 0 = r + n - 11, -7*r + 9 = -3*r - 3*n. What is the remainder when 3 + (21 - 4) + 2 is divided by r?
4
Suppose 0 = 4*r - 3*y - 11, 2*r + 2*r + y + 9 = 0. Let x = -3 + 6. Calculate the remainder when (-2 + 2/r)/(-1) is divided by x.
1
Suppose p + 4 = 0, -l - 4*p - 9 - 5 = 0. Let c(w) = w**2 - 2*w - 2. Let s be c(4). Suppose -s = -a - l. What is the remainder when a is divided by 3?
1
Let x(z) = 2*z**2 + 0*z**2 + z**3 + 3 + 7*z**2 + 8*z - 2*z**2. Calculate the remainder when (-4)/6*222/(-4) is divided by x(-5).
11
Suppose -25*j + 27*j = 130. What is the remainder when j is divided by 17?
14
Let k(v) = -v**2 - 20*v + 3. Let t be k(-15). Let y = 127 - t. Suppose -3*a = -4*j + 74, 4*j = 4*a + 26 + 50. What is the remainder when y is divided by j?
15
Let t = 12 - 7. Suppose -5*f + f - t*v = -36, -3*f = v - 38. What is the remainder when 53 is divided by f?
11
Suppose -3*c = -10 - 35. Let m = c - -4. What is the remainder when 55 is divided by m?
17
Let t be 51/15 + 4/(-10). Suppose -t*f = -0 - 15. What is the remainder when 7 is divided by f?
2
Suppose 4*t + 5*u = 40, -30 = 2*t - 5*t - u. Calculate the remainder when 19 is divided by t.
9
Suppose 12 = 8*r - 5*r. Let s(c) = 4*c - 1. What is the remainder when 40/r - (-3 + 1) is divided by s(2)?
5
Suppose c - 4*c + 54 = 2*t, 3*t = 2*c + 55. Suppose 4*p - 3*o - 23 = 6, 0 = 4*p - 5*o - 19. What is the remainder when t is divided by p?
10
Let w = 53 + -46. What is the remainder when 12 is divided by w?
5
Let j(k) = -12*k + 36. Calculate the remainder when j(-11) is divided by 19.
16
Calculate the remainder when 79 is divided by (-24)/(-72) + 125/3.
37
Let n = -7 - -1. Let o(d) = -d - 1. Let w(f) = f**2 - 2*f + 5. What is the remainder when w(4) is divided by o(n)?
3
Let y(b) = 3*b**2 - 8*b - 3. Suppose 3*v = -5*a + 15 + 35, -2*v - 3*a + 35 = 0. What is the remainder when y(-3) is divided by v?
23
Let q = -1 - -2. Let w(y) = 3*y**3 - y**2 - 4. What is the remainder when (q*-1)/(2/(-62)) is divided by w(2)?
15
Let o(z) = -7*z - 22. What is the remainder when 20 is divided by o(-4)?
2
Let b(v) = -3*v + 108. Suppose -f = 3*f - 4*s - 224, -f = 4*s - 71. What is the remainder when f is divided by b(31)?
14
Let n = -4 - -6. Suppose -n = -2*d + 2. Suppose -d*i = -3*u - 85, 6*i + 3*u - 202 = i. What is the remainder when i is divided by 21?
20
Let s(n) = -8*n + 21. What is the remainder when s(-12) is divided by 20?
17
Suppose 5*i + 3*u = 94 + 299, 61 = i + 5*u. Calculate the remainder when i is divided by 21.
18
Let k = 233 + -126. What is the remainder when k is divided by 27?
26
Suppose 3*q = -2*q + 55. What is the remainder when 19 is divided by q?
8
Let l(p) = -p**3 + 10*p**2 + p - 4. What is the remainder when l(10) is divided by 4?
2
Suppose -28 - 26 = -2*x. Calculate the remainder when 52 is divided by x